{"id":452,"date":"2018-06-22T15:11:12","date_gmt":"2018-06-22T14:11:12","guid":{"rendered":"http:\/\/evergreen.sitepeek.co.uk\/evergreen-philosophy\/"},"modified":"2021-03-29T13:35:18","modified_gmt":"2021-03-29T12:35:18","slug":"evergreen-philosophy","status":"publish","type":"page","link":"https:\/\/www.evergreen-fabrics.com\/fr\/evergreen-philosophy\/","title":{"rendered":"La philosophie EverGreen"},"content":{"rendered":"\t\t<div data-elementor-type=\"wp-post\" data-elementor-id=\"452\" class=\"elementor elementor-452 elementor-14\" data-elementor-settings=\"[]\">\n\t\t\t\t\t\t<div class=\"elementor-inner\">\n\t\t\t\t\t\t\t<div class=\"elementor-section-wrap\">\n\t\t\t\t\t\t\t<section class=\"elementor-section elementor-top-section elementor-element elementor-element-680ba03 elementor-section-height-min-height elementor-section-items-bottom elementor-section-boxed elementor-section-height-default\" data-id=\"680ba03\" data-element_type=\"section\" data-settings=\"{&quot;background_background&quot;:&quot;classic&quot;}\">\n\t\t\t\t\t\t<div class=\"elementor-container elementor-column-gap-default\">\n\t\t\t\t\t\t\t<div class=\"elementor-row\">\n\t\t\t\t\t<div class=\"elementor-column elementor-col-50 elementor-top-column elementor-element elementor-element-cafd1dc\" data-id=\"cafd1dc\" data-element_type=\"column\" data-settings=\"{&quot;background_background&quot;:&quot;classic&quot;}\">\n\t\t\t<div class=\"elementor-column-wrap elementor-element-populated\">\n\t\t\t\t\t\t\t<div class=\"elementor-widget-wrap\">\n\t\t\t\t\t\t<div class=\"elementor-element elementor-element-053aab4 elementor-widget elementor-widget-heading\" data-id=\"053aab4\" data-element_type=\"widget\" data-widget_type=\"heading.default\">\n\t\t\t\t<div class=\"elementor-widget-container\">\n\t\t\t<h1 class=\"elementor-heading-title elementor-size-default\">La philosophie EverGreen<\/h1>\t\t<\/div>\n\t\t\t\t<\/div>\n\t\t\t\t\t\t<\/div>\n\t\t\t\t\t<\/div>\n\t\t<\/div>\n\t\t\t\t<div class=\"elementor-column elementor-col-50 elementor-top-column elementor-element elementor-element-4ded710 elementor-hidden-phone\" data-id=\"4ded710\" data-element_type=\"column\">\n\t\t\t<div class=\"elementor-column-wrap\">\n\t\t\t\t\t\t\t<div class=\"elementor-widget-wrap\">\n\t\t\t\t\t\t\t\t<\/div>\n\t\t\t\t\t<\/div>\n\t\t<\/div>\n\t\t\t\t\t\t\t\t<\/div>\n\t\t\t\t\t<\/div>\n\t\t<\/section>\n\t\t\t\t<section class=\"elementor-section elementor-top-section elementor-element elementor-element-2d57550 elementor-section-boxed elementor-section-height-default elementor-section-height-default\" data-id=\"2d57550\" data-element_type=\"section\" data-settings=\"{&quot;background_background&quot;:&quot;classic&quot;}\">\n\t\t\t\t\t\t<div class=\"elementor-container elementor-column-gap-default\">\n\t\t\t\t\t\t\t<div class=\"elementor-row\">\n\t\t\t\t\t<div class=\"elementor-column elementor-col-66 elementor-top-column elementor-element elementor-element-046de79\" data-id=\"046de79\" data-element_type=\"column\">\n\t\t\t<div class=\"elementor-column-wrap elementor-element-populated\">\n\t\t\t\t\t\t\t<div class=\"elementor-widget-wrap\">\n\t\t\t\t\t\t<div class=\"elementor-element elementor-element-c3097fd elementor-widget elementor-widget-image\" data-id=\"c3097fd\" data-element_type=\"widget\" data-widget_type=\"image.default\">\n\t\t\t\t<div class=\"elementor-widget-container\">\n\t\t\t\t\t<div class=\"elementor-image\">\n\t\t\t\t\t\t\t\t\t\t<img loading=\"lazy\" decoding=\"async\" width=\"1024\" height=\"883\" src=\"https:\/\/www.evergreen-fabrics.com\/wp-content\/uploads\/2021\/03\/cercle-evergreen.jpg\" class=\"attachment-large size-large\" alt=\"\" srcset=\"https:\/\/www.evergreen-fabrics.com\/wp-content\/uploads\/2021\/03\/cercle-evergreen.jpg 1024w, https:\/\/www.evergreen-fabrics.com\/wp-content\/uploads\/2021\/03\/cercle-evergreen-300x259.jpg 300w, https:\/\/www.evergreen-fabrics.com\/wp-content\/uploads\/2021\/03\/cercle-evergreen-768x662.jpg 768w\" sizes=\"auto, (max-width: 1024px) 100vw, 1024px\" \/>\t\t\t\t\t\t\t\t\t\t\t<\/div>\n\t\t\t\t<\/div>\n\t\t\t\t<\/div>\n\t\t\t\t<div class=\"elementor-element elementor-element-255542b elementor-widget elementor-widget-text-editor\" data-id=\"255542b\" data-element_type=\"widget\" data-widget_type=\"text-editor.default\">\n\t\t\t\t<div class=\"elementor-widget-container\">\n\t\t\t\t\t<div class=\"elementor-text-editor elementor-clearfix\"><p style=\"font-size: 17px; text-align: left;\"><span style=\"color: var( --e-global-color-text ); font-family: var( --e-global-typography-text-font-family ); font-weight: var( --e-global-typography-text-font-weight );\">La collection EverGreen Fabrics\u00a0<\/span>est n\u00e9e en 2003 d\u2019une d\u00e9marche volontaire et d\u2019un engagement d\u2019une entreprise, Saint Clair Textiles, soucieuse du respect de l\u2019environnement et des hommes.<\/p><p style=\"font-size: 17px; text-align: left;\">Les produits EverGreen sont imprimables, destin\u00e9s aux march\u00e9s de la communication et de la d\u00e9coration.<\/p><\/div>\n\t\t\t\t<\/div>\n\t\t\t\t<\/div>\n\t\t\t\t<div class=\"elementor-element elementor-element-116693a elementor-widget elementor-widget-text-editor\" data-id=\"116693a\" data-element_type=\"widget\" data-widget_type=\"text-editor.default\">\n\t\t\t\t<div class=\"elementor-widget-container\">\n\t\t\t\t\t<div class=\"elementor-text-editor elementor-clearfix\"><p><strong style=\"font-family: inherit; font-size: 30px; font-style: inherit; color: var( --e-global-color-text );\"><span style=\"color: #99cc00; font-family: var( --e-global-typography-text-font-family );\">3 raisons de choisir EverGreen Fabrics<\/span><\/strong><\/p><ul><li><span style=\"color: #99cc00;\"><strong>Avantages \u00e9cologiques<\/strong><\/span><br \/>Les textiles EverGreen sont con\u00e7us dans une d\u00e9marche d\u2019Eco-Conception qui consiste \u00e0 r\u00e9duire l\u2019impact environnemental des articles sur l\u2019ensemble de leur cycle de vie.<br \/>Les produits EverGreen sont constitu\u00e9s d\u2019un support polyester et d\u2019une enduction \u00e0 base d\u2019eau. Ils sont certifi\u00e9s sans PVC, sans phtalate, sans formald\u00e9hyde.<br \/>L\u2019avantage environnemental des textiles EverGreen a \u00e9t\u00e9 valid\u00e9 par des ACV selon les normes ISO 14 040 \u2013 14 044.<\/li><\/ul><ul><li><span style=\"color: #99cc00;\"><span style=\"font-weight: bold;\">Respect de la sant\u00e9 humaine<br \/><\/span><\/span>Les textiles EverGreen ne lib\u00e8rent aucun composant toxique ou canc\u00e9rig\u00e8ne, ils ne d\u00e9gagent aucun C.OV. (Compos\u00e9 Organique Volatile).<br \/>La non toxicit\u00e9 des toiles EverGreen et le respect de la sant\u00e9 humaine ont \u00e9t\u00e9 d\u00e9montr\u00e9s par plusieurs certifications.<\/li><\/ul><ul><li><span style=\"color: #99cc00;\"><b>Avantages techniques et esth\u00e9tiques\u00a0<br \/><\/b><\/span>Le grain textile et la finition des textiles EverGreen restituent de belles couleurs et de beaux contrastes apr\u00e8s impression sans g\u00e9n\u00e9rer aucun reflet. Ce sont des produits parfaits pour toutes les applications int\u00e9rieures.<\/li><\/ul><\/div>\n\t\t\t\t<\/div>\n\t\t\t\t<\/div>\n\t\t\t\t\t\t<\/div>\n\t\t\t\t\t<\/div>\n\t\t<\/div>\n\t\t\t\t<div class=\"elementor-column elementor-col-33 elementor-top-column elementor-element elementor-element-ea35b47\" data-id=\"ea35b47\" data-element_type=\"column\">\n\t\t\t<div class=\"elementor-column-wrap\">\n\t\t\t\t\t\t\t<div class=\"elementor-widget-wrap\">\n\t\t\t\t\t\t\t\t<\/div>\n\t\t\t\t\t<\/div>\n\t\t<\/div>\n\t\t\t\t\t\t\t\t<\/div>\n\t\t\t\t\t<\/div>\n\t\t<\/section>\n\t\t\t\t\t\t<\/div>\n\t\t\t\t\t\t<\/div>\n\t\t\t\t\t<\/div>\n\t\t","protected":false},"excerpt":{"rendered":"<p>La philosophie EverGreen La collection EverGreen Fabrics\u00a0est n\u00e9e en 2003 d\u2019une d\u00e9marche volontaire et d\u2019un engagement d\u2019une entreprise, Saint Clair Textiles, soucieuse du respect de l\u2019environnement et des hommes. Les produits EverGreen sont imprimables, destin\u00e9s aux march\u00e9s de la communication et de la d\u00e9coration. 3 raisons de choisir EverGreen Fabrics Avantages \u00e9cologiquesLes textiles EverGreen sont &#8230; <a title=\"La philosophie EverGreen\" class=\"read-more\" href=\"https:\/\/www.evergreen-fabrics.com\/fr\/evergreen-philosophy\/\" aria-label=\"More on La philosophie EverGreen\">Lire plus<\/a><\/p>\n","protected":false},"author":1,"featured_media":0,"parent":0,"menu_order":0,"comment_status":"closed","ping_status":"closed","template":"elementor_header_footer","meta":{"footnotes":""},"class_list":["post-452","page","type-page","status-publish"],"yoast_head":"<!-- This site is optimized with the Yoast SEO plugin v14.9 - https:\/\/yoast.com\/wordpress\/plugins\/seo\/ -->\n<title>La philosophie EverGreen - Evergreen Fabrics<\/title>\n<meta name=\"robots\" content=\"index, follow, max-snippet:-1, max-image-preview:large, max-video-preview:-1\" \/>\n<link rel=\"canonical\" href=\"http:\/\/test.evergreen-fabrics.com\/fr\/evergreen-philosophy\/\" \/>\n<meta property=\"og:locale\" content=\"fr_FR\" \/>\n<meta property=\"og:type\" content=\"article\" \/>\n<meta property=\"og:title\" content=\"La philosophie EverGreen - Evergreen Fabrics\" \/>\n<meta property=\"og:description\" content=\"La philosophie EverGreen La collection EverGreen Fabrics\u00a0est n\u00e9e en 2003 d\u2019une d\u00e9marche volontaire et d\u2019un engagement d\u2019une entreprise, Saint Clair Textiles, soucieuse du respect de l\u2019environnement et des hommes. Les produits EverGreen sont imprimables, destin\u00e9s aux march\u00e9s de la communication et de la d\u00e9coration. 3 raisons de choisir EverGreen Fabrics Avantages \u00e9cologiquesLes textiles EverGreen sont ... Lire plus\" \/>\n<meta property=\"og:url\" content=\"http:\/\/test.evergreen-fabrics.com\/fr\/evergreen-philosophy\/\" \/>\n<meta property=\"og:site_name\" content=\"Evergreen Fabrics\" \/>\n<meta property=\"article:modified_time\" content=\"2021-03-29T12:35:18+00:00\" \/>\n<meta property=\"og:image\" content=\"http:\/\/test.evergreen-fabrics.com\/wp-content\/uploads\/2021\/03\/cercle-evergreen.jpg\" \/>\n<meta name=\"twitter:card\" content=\"summary_large_image\" \/>\n<script type=\"application\/ld+json\" class=\"yoast-schema-graph\">{\"@context\":\"https:\/\/schema.org\",\"@graph\":[{\"@type\":\"WebSite\",\"@id\":\"https:\/\/www.evergreen-fabrics.com\/fr\/#website\",\"url\":\"https:\/\/www.evergreen-fabrics.com\/fr\/\",\"name\":\"Evergreen Fabrics\",\"description\":\"Eco-friendly fabrics for advertising and decoration\",\"potentialAction\":[{\"@type\":\"SearchAction\",\"target\":\"https:\/\/www.evergreen-fabrics.com\/fr\/?s={search_term_string}\",\"query-input\":\"required name=search_term_string\"}],\"inLanguage\":\"fr-FR\"},{\"@type\":\"ImageObject\",\"@id\":\"http:\/\/test.evergreen-fabrics.com\/fr\/evergreen-philosophy\/#primaryimage\",\"inLanguage\":\"fr-FR\",\"url\":\"http:\/\/test.evergreen-fabrics.com\/wp-content\/uploads\/2021\/03\/cercle-evergreen.jpg\"},{\"@type\":\"WebPage\",\"@id\":\"http:\/\/test.evergreen-fabrics.com\/fr\/evergreen-philosophy\/#webpage\",\"url\":\"http:\/\/test.evergreen-fabrics.com\/fr\/evergreen-philosophy\/\",\"name\":\"La philosophie EverGreen - Evergreen Fabrics\",\"isPartOf\":{\"@id\":\"https:\/\/www.evergreen-fabrics.com\/fr\/#website\"},\"primaryImageOfPage\":{\"@id\":\"http:\/\/test.evergreen-fabrics.com\/fr\/evergreen-philosophy\/#primaryimage\"},\"datePublished\":\"2018-06-22T14:11:12+00:00\",\"dateModified\":\"2021-03-29T12:35:18+00:00\",\"inLanguage\":\"fr-FR\",\"potentialAction\":[{\"@type\":\"ReadAction\",\"target\":[\"http:\/\/test.evergreen-fabrics.com\/fr\/evergreen-philosophy\/\"]}]}]}<\/script>\n<!-- \/ Yoast SEO plugin. -->","_links":{"self":[{"href":"https:\/\/www.evergreen-fabrics.com\/fr\/wp-json\/wp\/v2\/pages\/452","targetHints":{"allow":["GET"]}}],"collection":[{"href":"https:\/\/www.evergreen-fabrics.com\/fr\/wp-json\/wp\/v2\/pages"}],"about":[{"href":"https:\/\/www.evergreen-fabrics.com\/fr\/wp-json\/wp\/v2\/types\/page"}],"author":[{"embeddable":true,"href":"https:\/\/www.evergreen-fabrics.com\/fr\/wp-json\/wp\/v2\/users\/1"}],"replies":[{"embeddable":true,"href":"https:\/\/www.evergreen-fabrics.com\/fr\/wp-json\/wp\/v2\/comments?post=452"}],"version-history":[{"count":11,"href":"https:\/\/www.evergreen-fabrics.com\/fr\/wp-json\/wp\/v2\/pages\/452\/revisions"}],"predecessor-version":[{"id":2644,"href":"https:\/\/www.evergreen-fabrics.com\/fr\/wp-json\/wp\/v2\/pages\/452\/revisions\/2644"}],"wp:attachment":[{"href":"https:\/\/www.evergreen-fabrics.com\/fr\/wp-json\/wp\/v2\/media?parent=452"}],"curies":[{"name":"wp","href":"https:\/\/api.w.org\/{rel}","templated":true}]}}

<div data-elementor-type="wp-post" data-elementor-id="452" class="elementor elementor-452 elementor-14" data-elementor-settings="[]">
						<div class="elementor-inner">
							<div class="elementor-section-wrap">
							<section class="elementor-section elementor-top-section elementor-element elementor-element-680ba03 elementor-section-height-min-height elementor-section-items-bottom elementor-section-boxed elementor-section-height-default" data-id="680ba03" data-element_type="section" data-settings="{&quot;background_background&quot;:&quot;classic&quot;}">
						<div class="elementor-container elementor-column-gap-default">
							<div class="elementor-row">
					<div class="elementor-column elementor-col-50 elementor-top-column elementor-element elementor-element-cafd1dc" data-id="cafd1dc" data-element_type="column" data-settings="{&quot;background_background&quot;:&quot;classic&quot;}">
			<div class="elementor-column-wrap elementor-element-populated">
							<div class="elementor-widget-wrap">
						<div class="elementor-element elementor-element-053aab4 elementor-widget elementor-widget-heading" data-id="053aab4" data-element_type="widget" data-widget_type="heading.default">
				<div class="elementor-widget-container">
			<h1 class="elementor-heading-title elementor-size-default">La philosophie EverGreen</h1>		</div>
				</div>
						</div>
					</div>
		</div>
				<div class="elementor-column elementor-col-50 elementor-top-column elementor-element elementor-element-4ded710 elementor-hidden-phone" data-id="4ded710" data-element_type="column">
			<div class="elementor-column-wrap">
							<div class="elementor-widget-wrap">
								</div>
					</div>
		</div>
								</div>
					</div>
		</section>
				<section class="elementor-section elementor-top-section elementor-element elementor-element-2d57550 elementor-section-boxed elementor-section-height-default elementor-section-height-default" data-id="2d57550" data-element_type="section" data-settings="{&quot;background_background&quot;:&quot;classic&quot;}">
						<div class="elementor-container elementor-column-gap-default">
							<div class="elementor-row">
					<div class="elementor-column elementor-col-66 elementor-top-column elementor-element elementor-element-046de79" data-id="046de79" data-element_type="column">
			<div class="elementor-column-wrap elementor-element-populated">
							<div class="elementor-widget-wrap">
						<div class="elementor-element elementor-element-c3097fd elementor-widget elementor-widget-image" data-id="c3097fd" data-element_type="widget" data-widget_type="image.default">
				<div class="elementor-widget-container">
					<div class="elementor-image">
										<img loading="lazy" decoding="async" width="1024" height="883" src="https://www.evergreen-fabrics.com/wp-content/uploads/2021/03/cercle-evergreen.jpg" class="attachment-large size-large" alt="" srcset="https://www.evergreen-fabrics.com/wp-content/uploads/2021/03/cercle-evergreen.jpg 1024w, https://www.evergreen-fabrics.com/wp-content/uploads/2021/03/cercle-evergreen-300x259.jpg 300w, https://www.evergreen-fabrics.com/wp-content/uploads/2021/03/cercle-evergreen-768x662.jpg 768w" sizes="auto, (max-width: 1024px) 100vw, 1024px" />											</div>
				</div>
				</div>
				<div class="elementor-element elementor-element-255542b elementor-widget elementor-widget-text-editor" data-id="255542b" data-element_type="widget" data-widget_type="text-editor.default">
				<div class="elementor-widget-container">
					<div class="elementor-text-editor elementor-clearfix"><p style="font-size: 17px; text-align: left;"><span style="color: var( --e-global-color-text ); font-family: var( --e-global-typography-text-font-family ); font-weight: var( --e-global-typography-text-font-weight );">La collection EverGreen Fabrics </span>est née en 2003 d’une démarche volontaire et d’un engagement d’une entreprise, Saint Clair Textiles, soucieuse du respect de l’environnement et des hommes.</p><p style="font-size: 17px; text-align: left;">Les produits EverGreen sont imprimables, destinés aux marchés de la communication et de la décoration.</p></div>
				</div>
				</div>
				<div class="elementor-element elementor-element-116693a elementor-widget elementor-widget-text-editor" data-id="116693a" data-element_type="widget" data-widget_type="text-editor.default">
				<div class="elementor-widget-container">
					<div class="elementor-text-editor elementor-clearfix"><p><strong style="font-family: inherit; font-size: 30px; font-style: inherit; color: var( --e-global-color-text );"><span style="color: #99cc00; font-family: var( --e-global-typography-text-font-family );">3 raisons de choisir EverGreen Fabrics</span></strong></p><ul><li><span style="color: #99cc00;"><strong>Avantages écologiques</strong></span><br />Les textiles EverGreen sont conçus dans une démarche d’Eco-Conception qui consiste à réduire l’impact environnemental des articles sur l’ensemble de leur cycle de vie.<br />Les produits EverGreen sont constitués d’un support polyester et d’une enduction à base d’eau. Ils sont certifiés sans PVC, sans phtalate, sans formaldéhyde.<br />L’avantage environnemental des textiles EverGreen a été validé par des ACV selon les normes ISO 14 040 – 14 044.</li></ul><ul><li><span style="color: #99cc00;"><span style="font-weight: bold;">Respect de la santé humaine<br /></span></span>Les textiles EverGreen ne libèrent aucun composant toxique ou cancérigène, ils ne dégagent aucun C.OV. (Composé Organique Volatile).<br />La non toxicité des toiles EverGreen et le respect de la santé humaine ont été démontrés par plusieurs certifications.</li></ul><ul><li><span style="color: #99cc00;"><b>Avantages techniques et esthétiques <br /></b></span>Le grain textile et la finition des textiles EverGreen restituent de belles couleurs et de beaux contrastes après impression sans générer aucun reflet. Ce sont des produits parfaits pour toutes les applications intérieures.</li></ul></div>
				</div>
				</div>
						</div>
					</div>
		</div>
				<div class="elementor-column elementor-col-33 elementor-top-column elementor-element elementor-element-ea35b47" data-id="ea35b47" data-element_type="column">
			<div class="elementor-column-wrap">
							<div class="elementor-widget-wrap">
								</div>
					</div>
		</div>
								</div>
					</div>
		</section>
						</div>
						</div>
					</div>

<p>La philosophie EverGreen La collection EverGreen Fabrics est née en 2003 d’une démarche volontaire et d’un engagement d’une entreprise, Saint Clair Textiles, soucieuse du respect de l’environnement et des hommes. Les produits EverGreen sont imprimables, destinés aux marchés de la communication et de la décoration. 3 raisons de choisir EverGreen Fabrics Avantages écologiquesLes textiles EverGreen sont &#8230; <a title="La philosophie EverGreen" class="read-more" href="https://www.evergreen-fabrics.com/fr/evergreen-philosophy/" aria-label="More on La philosophie EverGreen">Lire plus</a></p>

<!-- This site is optimized with the Yoast SEO plugin v14.9 - https://yoast.com/wordpress/plugins/seo/ -->
<title>La philosophie EverGreen - Evergreen Fabrics</title>
<meta name="robots" content="index, follow, max-snippet:-1, max-image-preview:large, max-video-preview:-1" />
<link rel="canonical" href="http://test.evergreen-fabrics.com/fr/evergreen-philosophy/" />
<meta property="og:locale" content="fr_FR" />
<meta property="og:type" content="article" />
<meta property="og:title" content="La philosophie EverGreen - Evergreen Fabrics" />
<meta property="og:description" content="La philosophie EverGreen La collection EverGreen Fabrics est née en 2003 d’une démarche volontaire et d’un engagement d’une entreprise, Saint Clair Textiles, soucieuse du respect de l’environnement et des hommes. Les produits EverGreen sont imprimables, destinés aux marchés de la communication et de la décoration. 3 raisons de choisir EverGreen Fabrics Avantages écologiquesLes textiles EverGreen sont ... Lire plus" />
<meta property="og:url" content="http://test.evergreen-fabrics.com/fr/evergreen-philosophy/" />
<meta property="og:site_name" content="Evergreen Fabrics" />
<meta property="article:modified_time" content="2021-03-29T12:35:18+00:00" />
<meta property="og:image" content="http://test.evergreen-fabrics.com/wp-content/uploads/2021/03/cercle-evergreen.jpg" />
<meta name="twitter:card" content="summary_large_image" />
<script type="application/ld+json" class="yoast-schema-graph">{"@context":"https://schema.org","@graph":[{"@type":"WebSite","@id":"https://www.evergreen-fabrics.com/fr/#website","url":"https://www.evergreen-fabrics.com/fr/","name":"Evergreen Fabrics","description":"Eco-friendly fabrics for advertising and decoration","potentialAction":[{"@type":"SearchAction","target":"https://www.evergreen-fabrics.com/fr/?s={search_term_string}","query-input":"required name=search_term_string"}],"inLanguage":"fr-FR"},{"@type":"ImageObject","@id":"http://test.evergreen-fabrics.com/fr/evergreen-philosophy/#primaryimage","inLanguage":"fr-FR","url":"http://test.evergreen-fabrics.com/wp-content/uploads/2021/03/cercle-evergreen.jpg"},{"@type":"WebPage","@id":"http://test.evergreen-fabrics.com/fr/evergreen-philosophy/#webpage","url":"http://test.evergreen-fabrics.com/fr/evergreen-philosophy/","name":"La philosophie EverGreen - Evergreen Fabrics","isPartOf":{"@id":"https://www.evergreen-fabrics.com/fr/#website"},"primaryImageOfPage":{"@id":"http://test.evergreen-fabrics.com/fr/evergreen-philosophy/#primaryimage"},"datePublished":"2018-06-22T14:11:12+00:00","dateModified":"2021-03-29T12:35:18+00:00","inLanguage":"fr-FR","potentialAction":[{"@type":"ReadAction","target":["http://test.evergreen-fabrics.com/fr/evergreen-philosophy/"]}]}]}</script>
<!-- / Yoast SEO plugin. -->
